actor of 896 and i?
112
Let o be 207 + ((-7)/((-70)/25) - 19/2). Calculate the greatest common divisor of 9500 and o.
100
Let n = -1575 - -2612. What is the highest common divisor of n and 119?
17
Let v(d) = -d - 79*d**3 - 26*d**2 - 27*d**3 - 3*d**3 - 1 + 27*d**2. Let i be 2/(-4) - 1/2. Let m be v(i). Calculate the greatest common divisor of 11 and m.
11
Let f = -25996 + 26035. Suppose -27 = -3*n + 3*h, h - 42 = -3*n - 3. What is the highest common divisor of f and n?
3
Let q be 9885/(-12) - (-133)/76. Let r be q/(-36) - 6/(-36). Calculate the greatest common divisor of r and 667.
23
Let f(s) = 9*s**3 + s**2 + 3*s - 11. Let t be f(-4). Let l = t + 655. What is the greatest common divisor of 648 and l?
72
Let r be (873/4)/((-465)/(-620)). What is the greatest common factor of r and 3?
3
Let g = -18297 - -18348. Calculate the highest common divisor of 12971 and g.
17
Let h = 30 - 32. Let v(n) = 6*n**2 - 2*n - 3. Let f be v(h). Let p = 27 - f. Calculate the highest common divisor of p and 14.
2
Let h(l) be the second derivative of 23*l**3/6 + 13*l. Let c be h(4). Suppose -4*v = 1 + 7, 278 = 2*f - v. What is the greatest common factor of c and f?
46
Let c be (-258 - -351)*(622/6 + 3). What is the highest common divisor of 744 and c?
248
Suppose -3*y + 2*o + 151 = -55, 3*y - o = 202. Suppose 2*r + 202 = k, -5*r - 7 - 3 = 0. What is the highest common factor of y and k?
66
Suppose 4*a = -q + 32, -3*q - 57 = -3*a - 2*a. Let w be 2/6 + -4*(-28)/24. Suppose w*v - 297 = 2*v. Calculate the highest common factor of v and a.
9
Let a be 2/12 + (-514)/(-12). Let y(v) = v**3 + 8*v**2 - 36*v - 10. Let d be y(7). Calculate the greatest common divisor of a and d.
43
Let o(v) = -v**3 - v**2 - 3*v + 3. Let k be o(-4). Suppose -9*w = -0*w - k. Suppose -w*x + 210 = -0*x. What is the highest common factor of x and 10?
10
Suppose 9*n + 107 = -3*x + 4*n, 4*n = 8. Let t be (-28358)/(-286) - (-6)/x. What is the greatest common factor of t and 66?
33
Suppose -p = 2*t - 205, 1049 = -16*p + 21*p - 2*t. What is the greatest common divisor of p and 88?
11
Let y be 6/(-8)*-2*(2 + 46) - -6. What is the greatest common divisor of y and 6?
6
Let y(o) = 2*o**2 - 9*o - 8. Let n(k) = -16*k - 19. Let j be n(5). Let l = j - -107. Let v be y(l). What is the highest common divisor of v and 12?
12
Let g be 15/(30/8)*(-14)/(-4). Suppose -g = -2*j - 0*j. Suppose -z + j = a + 2*z, 37 = a - 3*z. What is the greatest common factor of a and 198?
22
Let m be (-2 + 20)*((-143)/26 + 7). Calculate the greatest common divisor of 4887 and m.
27
Let a = 87100 + -86935. Suppose 53 = 4*r + 9. What is the highest common factor of a and r?
11
Let r be (-99)/11 - -1*5 - -108. Let x(c) = -2*c - 3. Let j be x(-8). What is the highest common divisor of j and r?
13
Let o = 18431 + -8540. What is the greatest common factor of o and 63?
63
Let u = 856 - 424. Suppose -9*p - u = -3*p. Let s = p + 80. What is the highest common factor of s and 8?
8
Let w = 17451 - 9009. What is the greatest common factor of w and 56?
14
Suppose 146 + 136 = 21*h - 243. Calculate the highest common factor of 7075 and h.
25
Let r(a) = a**3 + 2. Let z = 62 + -62. Let n be r(z). Suppose -275 = -5*f + i + 4*i, 0 = n*f - 4*i - 116. What is the highest common factor of f and 39?
13
Suppose 204*j = 145*j + 9381. What is the greatest common divisor of j and 9?
3
Suppose m + 1273 = q, -535 = -5*q + m + 5858. What is the highest common divisor of 50 and q?
10
Let y = 38 + -17. Suppose -32*t + 25*t = -7. Let v be (-12)/t*(19 - 33). Calculate the highest common divisor of v and y.
21
Let o be (-8)/(-1) - (6 + (-70)/10). Let x = 450 + -261. Suppose 0 = -o*j + 135 + x. Calculate the highest common factor of 90 and j.
18
Let d(i) = 84*i**2 + 1. Let b be d(-1). Let j = -10 + 61. What is the highest common factor of b and j?
17
Let m be (39/4)/((139 - 133) + 47/(-8)). Calculate the greatest common factor of 5655 and m.
39
Let y(c) = -c**3 - 6*c**2 - 20*c - 72. Let b be y(-5). Let j = 225 + -114. Suppose 5*g - j = 24. What is the highest common divisor of g and b?
3
Let j = -24 - -39. Let t(c) = 3*c**3 + 22*c**2 - 5*c - 69. Let d be t(-7). Calculate the greatest common divisor of d and j.
15
Let u be ((-45)/6 + 4)*-10. Let t be 38 + -6*3/(-48)*-8. What is the highest common divisor of u and t?
35
Suppose 2*x + 15 - 7 = -2*s, -4*s - 20 = 0. Calculate the highest common factor of 2161 and x.
1
Let s = 20 + -20. Suppose s = 5*m - 3*d - 8462 + 2355, 2442 = 2*m - 2*d. Calculate the greatest common factor of 94 and m.
94
Suppose -1786*m + 1779*m + 1813 = 0. Calculate the highest common factor of m and 999.
37
Let o(u) = u**3 + 6*u**2 - 2*u - 2. Let k be o(-5). Let n = k + -21. Let l be 111/9 + (-4)/12. Calculate the greatest common divisor of n and l.
12
Suppose 10*r - 8*r - 36 = 0. Let g be (-2 - -2)/(-1) - (-486)/r. Suppose 4*m = -0*m + 36. What is the highest common divisor of g and m?
9
Let x(d) = d**3 - 12*d**2 + 7*d + 20. Suppose -3*b + 28 = -b. Suppose s = b - 2. Let k be x(s). Calculate the highest common divisor of k and 13.
13
Suppose 3*c - 2*j = -0*j + 4, -5*j = 3*c + 10. Let o be ((-3)/((-6)/(-110)))/(c + 1). Let d = o - -82. Calculate the greatest common factor of d and 162.
27
Let i = 470 + -467. Let c(x) = 17*x**2 - 2*x + 5. Let u be c(i). What is the greatest common factor of 40 and u?
8
Suppose 3*n = -5 + 197. Suppose 105*h - 97*h = 896. What is the highest common divisor of n and h?
16
Suppose -3*w = s - 193, 0*w = 2*w + 3*s - 138. Suppose 2*t = -4*n - 118 + 402, -4*t = 7*n - 505. Calculate the highest common factor of n and w.
63
Let l be 3 - (-9)/18*(-1 - -49). Suppose -l*t + 115 + 101 = 0. Let s = 7 + 65. What is the highest common divisor of t and s?
8
Suppose 137 = 55*n - 303. What is the greatest common factor of n and 2800?
8
Suppose 42*r = 71804 + 12784. Calculate the greatest common divisor of 212 and r.
106
Suppose -2*y + 3348 = 30*o - 28*o, -6777 = -4*o + 5*y. What is the greatest common factor of o and 63?
9
Suppose 62 = 93*g - 90*g + 5*n, -2*n + 106 = 4*g. Suppose -7*t + 175 = -2*t. Suppose 4*y - t = g. What is the greatest common divisor of y and 144?
16
Let y = -29525 + 29842. Calculate the highest common divisor of 4 and y.
1
Let n(x) = 12 - 29 + 25*x + x**2 - 14*x - 10*x. Let z be n(4). Suppose -5*s = -0*s - 75. What is the greatest common factor of s and z?
3
Let d = -35588 - -35613. Let r be 150/9*135/2. Calculate the highest common factor of d and r.
25
Suppose -2*x - 13 = -3*c + 17, -60 = 4*x - 5*c. Suppose 0 = -63*p - 16 - 47. Let t be x/(p/(-4) - 1). What is the greatest common divisor of 160 and t?
20
Suppose -83 - 141 = -2*r. Suppose -13*c - 3*c + r = 0. Let j(x) = -x**3 + 9*x**2 + 6*x + 7. Let y be j(8). What is the greatest common factor of y and c?
7
Let y = -4366 - -4516. Calculate the highest common divisor of 570 and y.
30
Let k(h) = h**3 + 47*h**2 + 197*h + 7039. Let w be k(-46). Calculate the greatest common factor of w and 471.
3
Suppose -5216 - 1516 = -14*u - 20*u. Calculate the greatest common divisor of 1314 and u.
18
Let c be (-7 - -2)/(15 + -16). Suppose 3*w = 3*y + 35 + 70, -c*y + 5 = w. Suppose f = 22 + 53. Calculate the highest common divisor of f and w.
15
Let k be (-289)/(-85) + 4/(-10). Suppose -275 = -k*o + 2*g, 3*g + 113 = -2*o + 305. What is the greatest common divisor of o and 124?
31
Suppose 1488 = -3*z - 21*z. Let k = -41 - z. Calculate the highest common divisor of 91 and k.
7
Suppose 17*w = 14*w - 2*d + 1431, -3*d = -w + 477. Suppose -126 = -2*q + 5*b, -10*q = -7*q - 4*b - 175. What is the greatest common divisor of q and w?
53
Let a = -2952 + 4192. What is the highest common divisor of 3844 and a?
124
Let q = 433 - 418. Suppose 4 = 3*k + 28. Let x = k - -113. What is the greatest common factor of x and q?
15
Let l(w) = -w**2 - 37*w - 10. Let x be l(-11). Let p be 2 + 26/(-10) - 126/(-10). Calculate the highest common factor of p and x.
12
Let w = 208 - -30. Suppose -8*u - 39*u + 1232 = -3*u. Calculate the greatest common factor of u and w.
14
Let u(i) = -8*i**2 + 9*i + 24. Let d be u(-7). Let o = d + 663. Calculate the highest common factor of 29 and o.
29
Let g be 29/(-203) - (-310)/14 - 3. Suppose -1787 = -3*d - 248. Calculate the greatest common divisor of d and g.
19
Let u(f) 